{"id":1243,"date":"2025-01-22T06:24:52","date_gmt":"2025-01-22T14:24:52","guid":{"rendered":"https:\/\/smct.duquedecaxias.rj.gov.br\/noticias\/?page_id=1243"},"modified":"2025-04-04T10:42:11","modified_gmt":"2025-04-04T18:42:11","slug":"cultura-e-turismo","status":"publish","type":"page","link":"https:\/\/smct.duquedecaxias.rj.gov.br\/noticias\/cultura-e-turismo\/","title":{"rendered":"CULTURA E TURISMO"},"content":{"rendered":"\n<p><strong>Secretaria Municipal de Cultura e Turismo<\/strong><\/p>\n\n\n\n<p>Rua Major Frazao, 52 (antigo 181), sexto andar. Jardim 25 de Agosto &#8211; Duque de Caxias<br>Telefone: (21) 2771-8682 (Geral)<\/p>\n\n\n\n<p>Atendimento ao p\u00fablico: segunda \u00e0 sexta-feira, das 9h \u00e0s 17h<br>E-mail: projetosculturadc@gmail.com<\/p>\n\n\n\n<p>Atendimento a imprensa pelo e-mail:&nbsp;<a href=\"mailto:imprensa@duquedecaxias.rj.gov.br\">imprensa@duquedecaxias.rj.gov.br<\/a>&nbsp;<\/p>\n\n\n\n<figure class=\"wp-block-image\"><img decoding=\"async\" src=\"https:\/\/duquedecaxias.rj.gov.br\/images\/Fotos_Secretarios\/AROLDO%20BRITO%20-%20Cultura.png\" alt=\"\"\/><\/figure>\n\n\n\n<p><strong>Secret\u00e1rio Aroldo C\u00e2ndido de Brito<\/strong><\/p>\n\n\n\n<p>Aroldo C\u00e2ndido de Brito tem uma vasta experi\u00eancia em gest\u00e3o p\u00fablica. Atuou como gestor nas esferas estaduais e municipais. Foi secret\u00e1rio Municipal de Habita\u00e7\u00e3o; subsecret\u00e1rio de Assentamentos Humanos; assessor patrimonial da FAPERJ, al\u00e9m de assessor parlamentar em Bras\u00edlia. Trabalhou com o professor Darcy Ribeiro e com o ex-governador Leonel de Moura Brizola. Aroldo \u00e9 formado em Propaganda e Marketing pela Universidade Est\u00e1cio de S\u00e1 e, de 2017 a 2024, ocupou o cargo de secret\u00e1rio municipal de Comunica\u00e7\u00e3o Social\/DC. Atualmente \u00e9 secret\u00e1rio Municipal de Cultura e Turismo na Prefeitura de Duque de Caxias.<\/p>\n\n\n\n<p><strong>A SECRETARIA<\/strong><\/p>\n\n\n\n<p>A Secretaria Municipal de Cultura e Turismo tem a fun\u00e7\u00e3o de promover o desenvolvimento cultural com a participa\u00e7\u00e3o da comunidade; articular pol\u00edticas de apoio \u00e0s atividades de cultura e turismo como forma de integra\u00e7\u00e3o econ\u00f4mica e social; valorizar e incentivar a preserva\u00e7\u00e3o do patrim\u00f4nio hist\u00f3rico-cultural e art\u00edstico; manter e preservar, com o apoio das demais secretarias, os espa\u00e7os p\u00fablicos destinados \u00e0s atividades de cultura e turismo no munic\u00edpio; elaborar e divulgar, com a participa\u00e7\u00e3o dos segmentos sociais organizados, o calend\u00e1rio municipal de cultura e turismo. A Secretaria tem por finalidade a execu\u00e7\u00e3o das pol\u00edticas de desenvolvimento cultural do Munic\u00edpio.<\/p>\n\n\n\n<p><\/p>\n\n\n\n<p><\/p>\n","protected":false},"excerpt":{"rendered":"<p>Secretaria Municipal de Cultura e Turismo Rua Major Frazao, 52 (antigo 181), sexto andar. Jardim 25 de Agosto &#8211; Duque de CaxiasTelefone: (21) 2771-8682 (Geral) Atendimento ao p\u00fablico: segunda \u00e0 sexta-feira, das 9h \u00e0s 17hE-mail: projetosculturadc@gmail.com Atendimento a imprensa pelo e-mail:&nbsp;imprensa@duquedecaxias.rj.gov.br&nbsp; Secret\u00e1rio Aroldo C\u00e2ndido de Brito Aroldo C\u00e2ndido de Brito tem uma vasta experi\u00eancia em [&hellip;]<\/p>\n","protected":false},"author":8,"featured_media":0,"parent":0,"menu_order":0,"comment_status":"closed","ping_status":"closed","template":"","meta":{"footnotes":""},"class_list":["post-1243","page","type-page","status-publish","hentry"],"_links":{"self":[{"href":"https:\/\/smct.duquedecaxias.rj.gov.br\/noticias\/wp-json\/wp\/v2\/pages\/1243","targetHints":{"allow":["GET"]}}],"collection":[{"href":"https:\/\/smct.duquedecaxias.rj.gov.br\/noticias\/wp-json\/wp\/v2\/pages"}],"about":[{"href":"https:\/\/smct.duquedecaxias.rj.gov.br\/noticias\/wp-json\/wp\/v2\/types\/page"}],"author":[{"embeddable":true,"href":"https:\/\/smct.duquedecaxias.rj.gov.br\/noticias\/wp-json\/wp\/v2\/users\/8"}],"replies":[{"embeddable":true,"href":"https:\/\/smct.duquedecaxias.rj.gov.br\/noticias\/wp-json\/wp\/v2\/comments?post=1243"}],"version-history":[{"count":8,"href":"https:\/\/smct.duquedecaxias.rj.gov.br\/noticias\/wp-json\/wp\/v2\/pages\/1243\/revisions"}],"predecessor-version":[{"id":1633,"href":"https:\/\/smct.duquedecaxias.rj.gov.br\/noticias\/wp-json\/wp\/v2\/pages\/1243\/revisions\/1633"}],"wp:attachment":[{"href":"https:\/\/smct.duquedecaxias.rj.gov.br\/noticias\/wp-json\/wp\/v2\/media?parent=1243"}],"curies":[{"name":"wp","href":"https:\/\/api.w.org\/{rel}","templated":true}]}}