{"id":1603,"date":"2025-04-03T11:40:19","date_gmt":"2025-04-03T19:40:19","guid":{"rendered":"https:\/\/smct.duquedecaxias.rj.gov.br\/noticias\/?page_id=1603"},"modified":"2025-04-04T09:52:11","modified_gmt":"2025-04-04T17:52:11","slug":"turismo","status":"publish","type":"page","link":"https:\/\/smct.duquedecaxias.rj.gov.br\/noticias\/turismo\/","title":{"rendered":"Turismo"},"content":{"rendered":"\n<p>A Cidade de Duque de Caxias<\/p>\n\n\n\n<p>Criada em 1943, com a emancipa\u00e7\u00e3o de Nova Igua\u00e7u, Duque de Caxias \u00e9 hoje o mais populoso munic\u00edpio da Baixada Fluminense, chegando quase a um milh\u00e3o de habitantes em seus 465 km2.<\/p>\n\n\n\n<p>Duque de Caxias consegue ser um dos mais importantes polos industriais do petr\u00f3leo e g\u00e1s no Brasil e, ao mesmo tempo, ter uma \u00e1rea verde em mais de 50% do seu munic\u00edpio.<\/p>\n\n\n\n<p>Sua origem \u00e9 hist\u00f3rica, remontando ao povoamento no s\u00e9culo 16, quando da doa\u00e7\u00e3o de sesmarias pela Capitania do Rio de Janeiro. O Rio Meriti (ou miriti) organiza a geografia da regi\u00e3o tornando a agricultura a atividade econ\u00f4mica principal, primeiro com a cana-de-a\u00e7\u00facar, depois acrescida com o milho, feij\u00e3o e arroz.<\/p>\n\n\n\n<p>Cinco s\u00e9culos depois Duque de Caxias \u00e9 o quarto PIB Per capita do Estado com a terceira maior popula\u00e7\u00e3o, abaixo somente do Rio capital e S\u00e3o Gon\u00e7alo.<\/p>\n\n\n\n<p>Sua proximidade com a capital, com a qual faz divisa, ajudou o seu potencial hoteleiro e gastron\u00f4mico a crescer muito nos \u00faltimos anos.<\/p>\n\n\n\n<p>A quantidade de novos restaurantes de alta qualidade tem crescido muito, principalmente com a tend\u00eancia do aumento do Turismo de Proximidade.<\/p>\n\n\n\n<p>Ali\u00e1s, \u00e9 justamente no Turismo que Duque de Caxias apresenta um potencial imensur\u00e1vel. Embora ainda tenha muito a ser descoberto, h\u00e1 um grande Patrim\u00f4nio Hist\u00f3rico a ser valorizado como a Igreja do Pilar (1720), a Fazenda do S\u00e3o Bento (1596) que deu origem ao Circuito do Museu Vivo do S\u00e3o Bento, e o Sambaqui do S\u00e3o Bento (remonta a pelo menos 4 mil anos). Portanto, o munic\u00edpio tem grande potencial para o turismo hist\u00f3rico-cultural, religioso e gastron\u00f4mico.<\/p>\n\n\n\n<p>Por estar situado nas rotas imperiais que subiam do Porto da Estrela para a Serra de Petr\u00f3polis e para as Minas Gerais (o chamado Caminho de Minas) a Estrada da Taquara abriga as ru\u00ednas da Fazenda S\u00e3o Paulo e a Capela de Nossa Senhora do Ros\u00e1rio. Na regi\u00e3o tamb\u00e9m se situa o local de nascimento do Duque de Caxias cuja casa e arredores deram origem ao Museu Duque de Caxias e da Taquara.<\/p>\n\n\n\n<p>Outro grande potencial tur\u00edstico da regi\u00e3o, localiza-se no Quarto Distrito, Xer\u00e9m, com uma \u00e1rea verde bel\u00edssima, com cachoeiras e uma vegeta\u00e7\u00e3o exuberante. Ali tem crescido muito as atividades do ecoturismo, do turismo de aventura e turismo rural.<\/p>\n\n\n\n<p>Duque de Caxias participa da IGR \u2013 Inst\u00e2ncia de Governan\u00e7a Regional \u201cBaixada Verde\u201d junto com outros munic\u00edpios da Baixada com suas respectivas \u00e1reas e setores do turismo Verde, que a cada dia mais se fortalece e se organiza.<\/p>\n\n\n\n<p>MATERIAS PARA BAIXAR<\/p>\n\n\n\n<ul class=\"wp-block-list\">\n<li><a href=\"https:\/\/smct.duquedecaxias.rj.gov.br\/files\/Folder-Turismo_Atualizado04_11_2023.pdf\" data-type=\"link\" data-id=\"https:\/\/smct.duquedecaxias.rj.gov.br\/files\/Folder-Turismo_Atualizado04_11_2023.pdf\">Folder Turismo<\/a> (Informa\u00e7\u00f5es sobre o Turismo do munic\u00edpio de Duque de Caxias)<\/li>\n<\/ul>\n\n\n\n<p><\/p>\n\n\n\n<p><\/p>\n\n\n\n<p><\/p>\n","protected":false},"excerpt":{"rendered":"<p>A Cidade de Duque de Caxias Criada em 1943, com a emancipa\u00e7\u00e3o de Nova Igua\u00e7u, Duque de Caxias \u00e9 hoje o mais populoso munic\u00edpio da Baixada Fluminense, chegando quase a um milh\u00e3o de habitantes em seus 465 km2. Duque de Caxias consegue ser um dos mais importantes polos industriais do petr\u00f3leo e g\u00e1s no Brasil [&hellip;]<\/p>\n","protected":false},"author":8,"featured_media":0,"parent":0,"menu_order":0,"comment_status":"closed","ping_status":"closed","template":"","meta":{"footnotes":""},"class_list":["post-1603","page","type-page","status-publish","hentry"],"_links":{"self":[{"href":"https:\/\/smct.duquedecaxias.rj.gov.br\/noticias\/wp-json\/wp\/v2\/pages\/1603","targetHints":{"allow":["GET"]}}],"collection":[{"href":"https:\/\/smct.duquedecaxias.rj.gov.br\/noticias\/wp-json\/wp\/v2\/pages"}],"about":[{"href":"https:\/\/smct.duquedecaxias.rj.gov.br\/noticias\/wp-json\/wp\/v2\/types\/page"}],"author":[{"embeddable":true,"href":"https:\/\/smct.duquedecaxias.rj.gov.br\/noticias\/wp-json\/wp\/v2\/users\/8"}],"replies":[{"embeddable":true,"href":"https:\/\/smct.duquedecaxias.rj.gov.br\/noticias\/wp-json\/wp\/v2\/comments?post=1603"}],"version-history":[{"count":6,"href":"https:\/\/smct.duquedecaxias.rj.gov.br\/noticias\/wp-json\/wp\/v2\/pages\/1603\/revisions"}],"predecessor-version":[{"id":1625,"href":"https:\/\/smct.duquedecaxias.rj.gov.br\/noticias\/wp-json\/wp\/v2\/pages\/1603\/revisions\/1625"}],"wp:attachment":[{"href":"https:\/\/smct.duquedecaxias.rj.gov.br\/noticias\/wp-json\/wp\/v2\/media?parent=1603"}],"curies":[{"name":"wp","href":"https:\/\/api.w.org\/{rel}","templated":true}]}}