{"id":1718,"date":"2025-04-25T04:50:50","date_gmt":"2025-04-25T12:50:50","guid":{"rendered":"https:\/\/smct.duquedecaxias.rj.gov.br\/noticias\/?page_id=1718"},"modified":"2025-11-07T11:14:23","modified_gmt":"2025-11-07T19:14:23","slug":"comdedinepir","status":"publish","type":"page","link":"https:\/\/smct.duquedecaxias.rj.gov.br\/noticias\/comdedinepir\/","title":{"rendered":"Conselho Municipal de Defesa dos Direitos do Negro e da Promo\u00e7\u00e3o da Igualdade Racial e \u00c9tnica (COMDEDINEPIR)"},"content":{"rendered":"\n<p>Sua cria\u00e7\u00e3o foi fruto de muitas lutas em defesa da causa do Negro em nosso munic\u00edpio. \u00c9 composto, paritariamente, de representantes do Governo Municipal e da Sociedade Civil. &nbsp;O COMDEDINEPIR implementa pol\u00edticas p\u00fablicas voltadas para a causa do Negro, do \u00edndio e dos povos de Matrizes Africanas.<\/p>\n\n\n\n<p>O COMDEDINEPIR outorga, anualmente, as Medalhas Adbias Nascimento e Jo\u00e3ozinho da Gom\u00e9ia para pessoas que se destacam em defesa dos objetivos contidos no COMDEDINEPIR.<\/p>\n\n\n\n<p><strong>CONVOCA\u00c7\u00c3O PARA A VI I CONFER\u00caNCIA MUNICIPAL DE DEFESA<br>DOS DIREITOS DO NEGRO E PROMO\u00c7\u00c3O DA IGUALDADE RACIAL E<br>\u00c9TNICA (COMDEDINEPIR)<\/strong><\/p>\n\n\n\n<ul class=\"wp-block-list\">\n<li><a href=\"https:\/\/smct.duquedecaxias.rj.gov.br\/files\/scan_20251107134440.pdf\">LISTA FINAL DOS CANDIDATOS APTOS PARA A ELEI\u00c7\u00c3O DA VIII CONFER\u00caNCIA COMDEDINEPIR<\/a><\/li>\n\n\n\n<li><a href=\"https:\/\/smct.duquedecaxias.rj.gov.br\/files\/lista_classificados_comdedinepir.pdf\">RELA\u00c7\u00c3O DE CLASSIFICADOS<\/a> (04\/11\/2025)  <strong>NOVO<\/strong><\/li>\n\n\n\n<li><a href=\"https:\/\/smct.duquedecaxias.rj.gov.br\/files\/comdedinepir20251014.pdf\" data-type=\"link\" data-id=\"https:\/\/smct.duquedecaxias.rj.gov.br\/files\/comdedinepir20251014.pdf\">PORTARIA N\u00b0 27, DE  14 DE OUTUBRO DE 2025<\/a>  <strong>NOVO<\/strong><\/li>\n\n\n\n<li><a href=\"https:\/\/smct.duquedecaxias.rj.gov.br\/files\/edital01comdedinepir.pdf\" data-type=\"link\" data-id=\"https:\/\/smct.duquedecaxias.rj.gov.br\/files\/edital01comdedinepir.pdf\">EDITAL<\/a><\/li>\n\n\n\n<li><a href=\"https:\/\/smct.duquedecaxias.rj.gov.br\/files\/relacaoaprovadosreprovados8confrencia12082025.pdf\">RELA\u00c7\u00c3O DE APROVADOS &#8211; 8 CONFER\u00caNCIA COMDEDINEPIR<\/a> (12\/08\/2025)<\/li>\n\n\n\n<li>INSCRI\u00c7\u00d5ES PARA CONSELHEIRO E SUPLENTE (ENCERRADAS)<\/li>\n\n\n\n<li><a href=\"https:\/\/smct.duquedecaxias.rj.gov.br\/files\/COMDEDINEPIR_ADIAMENTO07082025.pdf\" data-type=\"link\" data-id=\"https:\/\/smct.duquedecaxias.rj.gov.br\/files\/COMDEDINEPIR_ADIAMENTO07082025.pdf\">CRONOGRAMA ATUALIZADO<\/a> (07\/08\/2025) <\/li>\n\n\n\n<li><a href=\"https:\/\/smct.duquedecaxias.rj.gov.br\/files\/ortaria1914072025.pdf\" data-type=\"link\" data-id=\"https:\/\/smct.duquedecaxias.rj.gov.br\/files\/ortaria1914072025.pdf\">PORTARIA N\u00ba 19 DE 14 DE JULHO DE 2025<\/a><\/li>\n\n\n\n<li><a href=\"https:\/\/smct.duquedecaxias.rj.gov.br\/files\/Boletim_7579_25_de_Abril_2025.pdf\" data-type=\"link\" data-id=\"https:\/\/smct.duquedecaxias.rj.gov.br\/files\/Boletim_7579_25_de_Abril_2025.pdf\">BOLETIM OFICIAL n\u00ba 7579<\/a><\/li>\n\n\n\n<li><a href=\"https:\/\/smct.duquedecaxias.rj.gov.br\/files\/Boletim_7532_23_de_Dezembro_2024.pdf\" data-type=\"link\" data-id=\"https:\/\/smct.duquedecaxias.rj.gov.br\/files\/Boletim_7532_23_de_Dezembro_2024.pdf\">BOLETIM OFICIAL n\u00ba 7532<\/a><\/li>\n\n\n\n<li><a href=\"https:\/\/smct.duquedecaxias.rj.gov.br\/files\/logo_Comdedinepir.png\">LOGO DO COMDEDINEPIR<\/a><\/li>\n<\/ul>\n\n\n\n<p><\/p>\n","protected":false},"excerpt":{"rendered":"<p>Sua cria\u00e7\u00e3o foi fruto de muitas lutas em defesa da causa do Negro em nosso munic\u00edpio. \u00c9 composto, paritariamente, de representantes do Governo Municipal e da Sociedade Civil. &nbsp;O COMDEDINEPIR implementa pol\u00edticas p\u00fablicas voltadas para a causa do Negro, do \u00edndio e dos povos de Matrizes Africanas. O COMDEDINEPIR outorga, anualmente, as Medalhas Adbias Nascimento [&hellip;]<\/p>\n","protected":false},"author":8,"featured_media":0,"parent":0,"menu_order":0,"comment_status":"closed","ping_status":"closed","template":"","meta":{"footnotes":""},"class_list":["post-1718","page","type-page","status-publish","hentry"],"_links":{"self":[{"href":"https:\/\/smct.duquedecaxias.rj.gov.br\/noticias\/wp-json\/wp\/v2\/pages\/1718","targetHints":{"allow":["GET"]}}],"collection":[{"href":"https:\/\/smct.duquedecaxias.rj.gov.br\/noticias\/wp-json\/wp\/v2\/pages"}],"about":[{"href":"https:\/\/smct.duquedecaxias.rj.gov.br\/noticias\/wp-json\/wp\/v2\/types\/page"}],"author":[{"embeddable":true,"href":"https:\/\/smct.duquedecaxias.rj.gov.br\/noticias\/wp-json\/wp\/v2\/users\/8"}],"replies":[{"embeddable":true,"href":"https:\/\/smct.duquedecaxias.rj.gov.br\/noticias\/wp-json\/wp\/v2\/comments?post=1718"}],"version-history":[{"count":19,"href":"https:\/\/smct.duquedecaxias.rj.gov.br\/noticias\/wp-json\/wp\/v2\/pages\/1718\/revisions"}],"predecessor-version":[{"id":2778,"href":"https:\/\/smct.duquedecaxias.rj.gov.br\/noticias\/wp-json\/wp\/v2\/pages\/1718\/revisions\/2778"}],"wp:attachment":[{"href":"https:\/\/smct.duquedecaxias.rj.gov.br\/noticias\/wp-json\/wp\/v2\/media?parent=1718"}],"curies":[{"name":"wp","href":"https:\/\/api.w.org\/{rel}","templated":true}]}}